+ 6*l**2. Determine u(p).
4
Let j(u) = 2*u**3 - 9*u**2 - 6*u - 12. Let b be 13 - (12 + (-28)/7). Calculate j(b).
-17
Let w(u) be the first derivative of 2*u**3/3 - 55*u**2 + 113*u + 727. Calculate w(54).
5
Let i(d) = -d**3 - 4*d**2 + 5*d + 19. Suppose 563 = 82*a - 233*a - 41. Calculate i(a).
-1
Let g(c) = c**2 - 17*c + 22. Let t be g(16). Let j(r) be the second derivative of 18*r + 2*r**2 + 0 - 1/6*r**3. Calculate j(t).
-2
Let h(o) be the third derivative of 91*o**4/24 - 181*o**3/2 - 3*o**2 - 9*o + 113. What is h(6)?
3
Let p be (1/2 - 1)*0. Suppose 5*d - 14 = h, -h - 6 = -d - p. Let s(k) be the second derivative of -k**5/20 + k**4/12 - k**3/6 + k**2 + 3093*k. Determine s(d).
-4
Let d = 185 - 181. Suppose 5*w + 7 = 4*w - d*n, w - 3 = n. Let x(o) = -19*o**3 + o**2 - o. Give x(w).
-19
Let f = -20 - -18. Let j = -38 - -44. Let w(a) = j*a + 3*a**2 - 8*a + 3*a + a**3 + 1. Calculate w(f).
3
Let v(j) = -j + 12. Let c be (-100)/(-30) + 4/(-3). Suppose c*o - 14 = -2*z + 22, -2*z = 6. Let k be (18/3)/3 - o/(-3). Give v(k).
3
Let n(r) = 0*r**3 - 44 + 55 + 9*r**3 + 7*r**3 + 3*r**2 - 17*r**3 + 7*r. What is n(5)?
-4
Suppose -3*y - 6 = -0, -y - 826 = 2*q. Let a = q + 418. Let u(b) be the first derivative of b**3/3 - 9*b**2/2 + 5*b + 1. What is u(a)?
-13
Let p(d) be the second derivative of -d**8/6720 - d**7/420 - d**6/144 - d**5/20 + 34*d**4/3 - 62*d. Let l(y) be the third derivative of p(y). What is l(-5)?
-6
Let w = 5766 - 5763. Let z(n) = -18*n + 4. Calculate z(w).
-50
Let n(t) be the first derivative of 25 - 1/3*t**3 + 5*t + 5*t**2. What is n(11)?
-6
Let o = 106 - 106. Let l(w) = -2*w**2 + 11*w + 9. Let g be l(o). Let v(p) be the third derivative of p**4/24 + p**3/6 - p**2. Determine v(g).
10
Let l = 101509 + -101508. Let f = 2 - -2. Let u(y) = -f*y - 2 + y + 4*y. Calculate u(l).
-1
Let n(j) = -j + 2. Let h be n(0). Let m(r) = -1 + 20*r**3 + 12*r + r**2 + 20*r**3 + 20*r**3 - 61*r**3 - 14*r. Give m(h).
-9
Let n(z) be the second derivative of z**3/6 + 13*z**2/2 - 31*z. Suppose 5 + 15 = 5*b. Suppose b*f + 14 + 14 = 0. Give n(f).
6
Let d(l) = -l**3 + 7*l**2 + 10. Suppose 2*z - 5*k = -70, 2*k - 4 = k. Let y(c) = -24*c - 83*c**2 + 82*c**2 + 14 + 18. Let i be y(z). Calculate d(i).
10
Let r = -20 - -27. Let l(b) = r*b + 2*b + 6*b + 1. Let q(k) = -5*k - 56. Let t be q(-11). What is l(t)?
-14
Suppose g + 265 = 3*u, -16 = 2*u - 2*g - 198. Let a = -103 + u. Let w(n) = -n**2 - 15*n + 15. Determine w(a).
-1
Suppose 3*a = 4 + 2. Let s(i) = 2*i - 4147*i**2 + 1386*i**2 + 1382*i**2 - 2 + 1378*i**2 - i**3. Give s(a).
-10
Let d = -186 + 191. Let z(p) be the third derivative of -p**6/120 + p**5/12 - 2*p**3/3 + p**2 - 3*p. What is z(d)?
-4
Let l(c) be the third derivative of 7*c**6/360 - c**5/120 - c**4/12 + 43*c**3/3 + 55*c**2. Let p(y) be the first derivative of l(y). Determine p(2).
24
Suppose 9 = -q + 8. Let z = 99 - 91. Let r(i) = -1 + 8 + 8*i**2 - z. What is r(q)?
7
Let p(o) = -3*o**2 + o. Let h(k) = k**3 + 5*k + 5. Suppose 0 = 5*z - 25 + 40. Let c be h(z). Let f = 39 + c. What is p(f)?
-10
Let f(w) = 35*w + 4954 - 9896 + 4945. Determine f(-1).
-32
Suppose -14*j + 251 = -239. Suppose 303*q = 296*q - j. Let g(a) = -a**2 - 8*a - 6. What is g(q)?
9
Let z be (-24)/12*(0 - 1). Let m(w) = w**z - 2*w + 1 + 0 - 2. Suppose -231 = -32*a - 103. Calculate m(a).
7
Let v(c) = 15*c - 102. Let k be (-1 - (-2 + 2))/(11 - 1092/98). Give v(k).
3
Suppose 2*m = -2*m - 12. Let t be m*(-4)/6*189/(-42). Let l be ((-14)/(-3))/(t/((-135)/(-10))). Let h(r) = r**3 + 8*r**2 + 7*r + 5. Give h(l).
5
Let o(n) = -n**2 + n + 63. Let f(v) = -14*v + 50. Let d be f(3). Give o(d).
7
Let k(q) = 3*q + 2. Let c(v) = v - 52. Let t(g) = -g. Let m(a) = c(a) - 4*t(a). Let h be m(10). What is k(h)?
-4
Let a(f) = 11 - 5*f - 5*f - 12 + 7*f - 3 - 2. Let g(l) = l**3 + 3*l**2 - 3*l + 2. Let o be g(-4). Give a(o).
0
Let t(y) = -24*y**2 + 40*y + 31. Let w be -1 + -1 + 156/39. Let d(b) = 7*b**2 - 13*b - 10. Let o(m) = w*t(m) + 7*d(m). Determine o(12).
4
Suppose 41*g - 20*g = 42. Let u(z) = -9*z**2 + 4*z - 1. Determine u(g).
-29
Let s(g) = -21*g + 11. Let h(q) = -q**2 - 30*q + 13. Let y(v) = 2*h(v) - 3*s(v). Calculate y(0).
-7
Let z(u) = -u - 3*u**2 - 3*u**2 + 4*u**2 + 10*u**3. Suppose 433*s - 428*s = -5. Determine z(s).
-11
Let b = -26553 - -26548. Let i(j) = -j**3 - 2*j**2 - 6*j - 15. Determine i(b).
90
Let s(k) = -2*k**3 - 19*k**2 + 12*k + 20. Suppose -26*w + 57*w + 310 = 0. What is s(w)?
0
Let m(x) = -x**2 + 3*x + 27. Let d = 25478 - 25470. Calculate m(d).
-13
Let m(u) = -u - 4. Let i = -96 - -205. Let j = i + -115. Determine m(j).
2
Suppose -2*j + 3*j = -2. Let b(i) = 166*i - 1 + 4*i**2 - 489*i + 162*i + 162*i. Calculate b(j).
13
Let n(x) = -13*x**3 - 43*x**2 + x - 108. Let u = 343 + -334. Let l(m) = 3*m**3 + 11*m**2 + 27. Let w(o) = u*l(o) + 2*n(o). Determine w(-13).
1
Let o be -23 - (14 + -40)*(-5)/(-10). Let j(t) = 4*t**2 - 40*t. Let h(v) = -v**2 + 13*v. Let c(s) = 7*h(s) + 2*j(s). Give c(o).
-10
Let d be -31 - (10 + (70 - 118)). Let w = 1 + 0. Let i(f) = -4*f**2 + w + 7*f + 2 + 3*f**2. Determine i(d).
3
Let m(u) be the second derivative of u**4/12 - u**3 + 2*u. Suppose -2*z + 1 = -25. Suppose -4*n = -n - 4*x - 19, -2*n = -3*x - z. Give m(n).
-5
Let f(t) = -t - 3. Let m be ((-5)/3 + 1)*3. Let u be (48/m + -4)/(-2). Let x be 4/u - 111/21. What is f(x)?
2
Let f(a) be the first derivative of -13*a**2/2 - 6*a - 5876. Determine f(-4).
46
Let i(t) = 32*t - 18. Let x(y) = -15*y + 23. Let m(q) = 3*i(q) + 7*x(q). Calculate m(12).
-1
Let u(w) = -w**3 - 10*w**2 - 10*w - 13. Let o(g) = -g - 6. Let i be o(-5). Suppose -24 - 32 = 7*f. Let m = i + f. Calculate u(m).
-4
Let v be (-4)/2 - (-8 - (-17 - -14)). Suppose 4*c + 98 = -v*c. Let s(d) = d**2 + 13*d - 14. Give s(c).
0
Let x(l) = 2*l - 13. Suppose -2*z + 11*z + 18 = 0. Let f be 12 + z + (0/(-1))/1. Calculate x(f).
7
Let j(u) = 5*u**2 - 3*u + 2. Suppose -a + 6 = -5*b, 0 = 3*b + 1 + 2. What is j(a)?
4
Let o(q) = 9*q - 3. Let h(m) = 50*m - 1740. Let c be h(35). What is o(c)?
87
Let c(m) = m**2 + 13*m - 12. Let a(n) = -n**2 - 20*n + 13. Let j(w) = 2*a(w) + 3*c(w). Give j(-7).
46
Let x be 3*(-42)/18*(-1)/(-7)*-9. Let v(m) = -5*m + 8. What is v(x)?
-37
Let x(h) = -3*h**2 + 22*h - 457. Let g(b) = 2*b**2 - 11*b + 227. Let n(w) = -5*g(w) - 3*x(w). Determine n(-22).
-6
Let b(w) = -3*w**2 + 8*w - 6. Let g(j) = -9*j**2 - 5*j - 5. Let x(v) = 11*v**2 + 6*v + 6. Let p(o) = 6*g(o) + 5*x(o). Let m(a) = -b(a) - 2*p(a). Determine m(5).
-9
Let w(q) = 6 - q**3 - 336*q - 6*q**2 - 313*q + 644*q. Calculate w(-3).
-6
Let p be (-45)/(-1) + -6 - (-2 - -3). Let a(g) = -14*g - 12*g + 2 - 11*g + p*g. What is a(-5)?
-3
Let y(i) = -2*i**2 - 13*i - 5. Let f(z) = -16*z**2 - 100*z - 40. Let m(q) = 3*f(q) - 23*y(q). Calculate m(-7).
-96
Let g(z) = -z**3 + z**2 + 16*z - 10. Let c(f) = 223*f - 665. Let h be c(3). Calculate g(h).
6
Let u(w) be the second derivative of w**4/12 - w**3/3 - w**2/2 + 4814*w. Determine u(-2).
7
Let r(t) = t**2 + 7*t - 2 + 3 - 4. Suppose -8*b - 72 = 2*k, -4*k = -9*b + 14*b + 67. Determine r(k).
5
Let h(a) = a**2 + 8*a - 2. Suppose -2*y = -4*f - 46, 0*y - 4*f + 73 = 5*y. Suppose -132 = -y*c + 13*c. Suppose 6*s = -c - 9. What is h(s)?
-9
Let m(a) be the second derivative of 5*a**4/6 + a**3/6 - 804*a + 2. Give m(1).
11
Let k(g) = g**3 - 16*g**2 + 35*g - 95. Let n be k(14). Let h(p) be the first derivative of 1/2*p**2 + 1/3*p**n - 1/4*p**4 + 36 - 2*p. Determine h(0).
-2
Let f(h) = -2*h**3 + h**2 + h - 2. Suppose -15 = 5*g, 3*n = -2*n - 4*g + 38. Suppose -80*t + 85*t = -n. Give f(t).
16
Let p(y) = 6 - 283*y - 274*y + 833*y - 277*y. Give p(10).
-4
Let g be 8 + 12*(-14 - -13). Let t(u) = -3*u**2 - 5*u - 4. Determine t(g).
-32
Let w be (-451)/(-22)*(-4)/(-2). Suppose 2*n - 2*u = -6, -w + 37 = -4*u. Let g(s) = -3*s**3 - s**2 + 2*s - 1. What is g(n)?
15
Let x(s) = -s - 1. Suppose -105 = -2*l - 97. Let h be 1/6*l*330/(-20). Give x(h).
10
Let u(m) = -m**3 - 7*m**2 + 3*m + 10. Suppose -45 = -f - 34. Let s be (f*1)/((-7)/(-28)). Suppose 4*d - 4*c + s = 0, 3*d = c - 5*c - 5. Determine u(d).
-11
Let b(k) be the third derivative of -k**6/120 - k**5/15 - k**4/12 - 5*k**3/6 + k**2 + 36*k. Suppose -3*s = 9 - 0. Let u be 10/s*12/10. Determine b(u).
3
Let w(x) = 27*x**3 - 809*x**2 - 30*x + 6. Let t be w(30)